digit of f(h)?
4
Let m(f) = -f**2 + f + 9. Let r(o) = -o**3 - 7*o**2 - 8*o - 7. Let s be r(-6). Suppose s*v - 25 = h, 1 + 9 = 2*h + 2*v. What is the units digit of m(h)?
9
Let j(f) = -f**2 - 3*f - 1. Let v be j(-3). Let h be (1 + v)/(1/1). Suppose 2*a - 2*d - 4 = 0, h*a = 5*a - 4*d - 11. What is the units digit of a?
3
Let k(w) = 38*w + 6. What is the units digit of k(2)?
2
Let f(d) = -9*d + 27. What is the tens digit of f(-6)?
8
What is the tens digit of 23*1 + 19 + -17?
2
Let c be 2 + 0 + 7 + -9. What is the units digit of 49 + -1 + c/(-6)?
8
Suppose 0 = 2*r - v - 40 - 5, -2*r - 3*v + 57 = 0. Suppose -2*p = p - r. What is the units digit of p?
8
Let j = 0 + 8. Let m = 6 - j. Let r = 19 + m. What is the units digit of r?
7
Suppose -4*i = i + 85. Let k = 29 + i. What is the units digit of k?
2
Let g(p) = -5 + 9*p + p**2 - 2*p**2 + 5*p - 5*p. Let o be g(9). Let b(m) = m**2 + 3*m - 4. What is the units digit of b(o)?
6
Let j(q) = -2*q + 2. Suppose 2*p + 2*p + 24 = 0. What is the tens digit of j(p)?
1
Let a(g) = -g + 2. What is the units digit of a(-4)?
6
Let r be 8/12 + (-4)/(-3). Suppose 3*l - 4*z - 21 = 4, 2*z = r*l - 14. Suppose 2*w - 22 = f, -l*w + 5 = -5*f - 42. What is the units digit of w?
9
Let q = -17 + 17. Suppose 2*c - 3 - 13 = q. What is the units digit of c?
8
Let l(y) = -y**2 + 8*y - 3. Let q be l(7). Suppose q*f = -2*i + 108, 2*i + 5*f = -0*f + 110. What is the tens digit of i?
5
Suppose -3*a + 1 = -8. Let j(y) = y + 1. What is the units digit of j(a)?
4
Let c(g) = 3 + 2*g**2 - 2*g + 2 + 4*g. What is the tens digit of c(-5)?
4
Let d(u) = 2*u - 4. Let k be d(6). Suppose y - k = 4. What is the tens digit of y?
1
What is the units digit of (-15)/10*178*1/(-3)?
9
Suppose -3*x + 4 = -2. Suppose -5*a - 6 = -1, -36 = -x*t + 2*a. What is the units digit of t?
7
Let z = 164 - 103. What is the units digit of z?
1
Let g(u) = 3*u**2 + 4*u + 4. What is the units digit of g(4)?
8
Let u be (26/3)/((-6)/18). Let g = 1 - u. What is the units digit of g?
7
Let f(o) = o + 28. What is the units digit of f(16)?
4
Let s(x) = x**2 + 7*x + 5. Let i be s(-7). Let h = i + -2. What is the units digit of 2 + 5 + (h - 1)?
9
Let o(z) = -9*z + 18. What is the hundreds digit of o(-15)?
1
Let t be (2/(-2) - 0)*-99. Suppose 0*j + 3*j + t = 0. Let w = j + 50. What is the tens digit of w?
1
Suppose 4*l = d + 243, 5*l - 2*d - 264 - 39 = 0. What is the tens digit of l/4 + (-24)/(-32)?
1
Let a = -13 - -23. Let g(c) = -2 - 1 + 2 - a*c. What is the units digit of g(-1)?
9
Let v = -4 + 8. Suppose v*k - 8 = -0. What is the units digit of k?
2
Suppose 5*t + 0*t + 70 = 0. What is the units digit of 12/(-42) - 46/t?
3
Let o = -20 + 53. What is the tens digit of o?
3
Suppose -3*d = -2*p + 61, -4*p + 18 + 149 = 3*d. What is the units digit of p?
8
Suppose 22 = 4*s + 5*v + 4, 0 = -s - v + 4. Suppose 0 = -s*c - 4*p + p + 31, 2*c + 2*p - 28 = 0. What is the tens digit of c?
1
Let w(a) be the third derivative of -a**4/12 - 4*a**2. What is the units digit of w(-3)?
6
What is the units digit of -1 - 0/(3/1) - -54?
3
Suppose 0 = -g + 17. Suppose -n = -0*n - g. What is the tens digit of n?
1
Suppose 5*o - 200 = o. What is the tens digit of o?
5
Let i = 163 + -75. Let h = i - 59. What is the tens digit of h?
2
Let r(n) = n**3 - 7*n**2 - 24*n + 9. What is the tens digit of r(11)?
2
Let w(x) = 10*x + 26. What is the units digit of w(6)?
6
Let x = -18 + 30. Suppose -6*j + x = -3*j. What is the units digit of j?
4
Suppose 3*c - 29 = -2*l, -2*c + 3*c - 7 = -2*l. Suppose 4*p - c = -3*r + 143, -3*p - 126 = -3*r. What is the units digit of r?
6
Let n(f) = -f**3 - 14*f**2 - 2*f - 14. What is the tens digit of n(-14)?
1
Let c(b) = -2*b**3 - 7*b**2 - 2. What is the tens digit of c(-6)?
7
Suppose 3*l + 26 - 1063 = -s, -4*s = -3*l + 1057. What is the units digit of l?
7
Let q(w) be the second derivative of w**4/12 + w**3/6 - w**2 + 4*w. Let x be q(-4). What is the units digit of (0 - 12)*(-5)/x?
6
What is the units digit of (22/33)/((-2)/(-36))?
2
Let n = -12 - -8. Let s = n - -9. What is the units digit of s?
5
Let p be 1/((-2 + 4)/2). Let y be 1*1*2/(-1). Let u = p - y. What is the units digit of u?
3
Let v(x) = x**3 + 8*x**2 - 4*x + 9. What is the units digit of v(-6)?
5
Let m be (2/2)/(1/2). What is the units digit of 1*(7 - (m + -2))?
7
Suppose 0 = u + 20 - 1. Let z = -8 - u. What is the units digit of z?
1
Let r = -2 - -1. Let k be r - (-1 - 16 - 1). Let s = k - 12. What is the units digit of s?
5
Let i(u) = u**3 - 7*u**2 + 2*u + 16. What is the units digit of i(7)?
0
Let h = 4 - 1. Suppose -8 = 3*r - h*t + 4, 0 = r + 3*t + 4. What is the units digit of r/(-1) - (-3)/(-3)?
3
Let z = -17 + 14. Let d(w) = -11*w - 2. What is the units digit of d(z)?
1
Suppose 0*w + 30 = 2*w. Let o = 30 - w. What is the tens digit of o?
1
Let r = -1 + -2. Let w be 1 + 3/(r/(-44)). Suppose -109 = -4*u - w. What is the tens digit of u?
1
Let u(f) = -f + 1. Let h be u(-4). Let n = 8 + 0. Let j = n - h. What is the units digit of j?
3
Let u = -31 + 64. Suppose 6*k - k + w = -u, 2*k - 4*w + 22 = 0. Let l = 8 + k. What is the units digit of l?
1
Let c(i) = 5*i**3 - i**2 + i - 1. Let r be c(1). Suppose 44 = 2*w - r. What is the tens digit of w?
2
Suppose 0*u = 3*u - 54. What is the tens digit of (-1)/(-6) + 339/u?
1
Let v = -39 - -60. Suppose 5*i = i + 4*z + 92, 0 = 2*i + 3*z - v. What is the units digit of i?
8
Suppose -w - 3*z - 10 = 0, -3*z - 14 = -3*w - z. Let q(m) = -6*m**3 - 2*m + m - 1 + m**2 - w*m**3. What is the units digit of q(-1)?
9
Suppose -t + 7 = 2*p, 2*p = 5*t + 19 - 6. Let k be 2*(t + 2) + -4. Let f = -1 - k. What is the units digit of f?
1
Let s = 5 + -5. Let k be (-9)/(-6) + (-2)/4. Let u = s + k. What is the units digit of u?
1
Let g = 1 - -2. Let m(q) = -12*q + 12*q + q**2 + 6*q**g. What is the units digit of m(1)?
7
Suppose 5*g + 35 = 2*x, -17 = -x - x - g. What is the units digit of x?
0
Suppose -u = -4*x + 190, 143 = 3*x - 0*u - u. What is the units digit of x?
7
Suppose 19 = w - s + 6*s, -5 = s. Suppose -3*g - 6 = -3*p, -5*g + w - 4 = 5*p. What is the units digit of p?
5
Suppose -q - i = -1, 4*i + i + 1 = -2*q. Let v(a) = 3*a**3 + 3*a**2 - a - 2. What is the tens digit of v(q)?
3
Let q(o) = -o**2 + 5*o + 2. Let v be q(5). Suppose 0 = 3*z + 4 + v. What is the units digit of z/5 + (-285)/(-25)?
1
Let b = -3 + 30. Let s = 53 - b. What is the units digit of s?
6
Let y be 10 - (0 - (2 + 0)). Suppose 2*m - 4*m - y = 0. Let t = m - -15. What is the units digit of t?
9
Suppose 13*d - 62 = 11*d. What is the tens digit of d?
3
Let q(h) = -h**2 + 8*h - 5. Let a be q(7). Let u be 2 - 11 - (-2)/a. Let g = u + 15. What is the units digit of g?
7
Suppose 2 = 2*w - w. Suppose l + 0*l = 5. Suppose 3*g + l = -w*t, t - 3 - 7 = g. What is the units digit of t?
5
Suppose 4*w - g = 8, -14 = -w - w - 2*g. What is the units digit of w/(9/42) + 1?
5
Let j = 42 + 60. What is the units digit of j?
2
Suppose 0 = f - 6 + 2. Suppose -c - 2 = -f. Suppose 3 = c*d + d. What is the units digit of d?
1
What is the units digit of (21 - 0)/(21/98)?
8
Suppose -3*l + 5*n = -7 - 3, 10 = -2*l - 5*n. Suppose 3*m - 2 - 37 = l. What is the units digit of m?
3
Suppose b + 2*b - 63 = 0. What is the units digit of b?
1
What is the tens digit of 1/(4 + 2289/(-573))?
9
Suppose 3*o - 3 = 2*o. Suppose f - 11 = 4*p, 0 = o*f - 0*f - 4*p - 33. What is the tens digit of f?
1
Let r be (-47 - 1) + 0/1. Let y be (-4)/18 - r/(-27). What is the units digit of 1/y - (-10)/4?
2
Let u = 74 + -28. Suppose d = 4*a - a - u, 5 = d. What is the units digit of a?
7
Let n = 200 - 93. What is the hundreds digit of n?
1
Suppose -115 = -4*i - b - 0*b, -65 = -2*i - 3*b. Let o = 14 - -1. Let u = i - o. What is the units digit of u?
3
What is the tens digit of (-1035)/(-20) - 3/(-12)?
5
Let i be 2 + (3 + -2)*4. Suppose -245 = -i*j - j. What is the units digit of j?
5
Let g = 42 - 123. Let b = g + 141. Suppose 4*c = -5*n + b, 3*n + 3*c - 2*c - 29 = 0. What is the units digit of n?
8
Suppose 183 - 9 = 2*p. What is the units digit of p?
7
Let n be (-1)/2 - 1/(-2). Let c = n - -4. Suppose u + 35 = 6*u - 2*q, c*q - 5 = -5*u. What is the units digit of u?
5
Let h be ((-5)/(-3))/(1/(-42)). Let d = h + 111. What is the tens digit of d?
4
Let b(h) = -101*h - 1. What is the h